{"id":972,"date":"2023-05-08T10:57:39","date_gmt":"2023-05-08T08:57:39","guid":{"rendered":"https:\/\/panieresolidale.santodeimiracoli.org\/messes-a-lintention-des-defunts\/"},"modified":"2024-10-23T13:17:05","modified_gmt":"2024-10-23T11:17:05","slug":"messes-a-lintention-des-defunts","status":"publish","type":"product","link":"https:\/\/panieresolidale.santodeimiracoli.org\/fr\/messes-a-lintention-des-defunts\/","title":{"rendered":"Messes Ordinaire \u00e0 l&rsquo;intention des d\u00e9funts"},"content":{"rendered":"","protected":false},"excerpt":{"rendered":"<p>Faites c\u00e9l\u00e9brer une ou plusieurs Messes \u00e0 la m\u00e9moire de vos proches d\u00e9c\u00e9d\u00e9s.<\/p>\n","protected":false},"featured_media":636,"comment_status":"closed","ping_status":"closed","template":"","meta":[],"product_cat":[68],"product_tag":[],"_links":{"self":[{"href":"https:\/\/panieresolidale.santodeimiracoli.org\/fr\/wp-json\/wp\/v2\/product\/972"}],"collection":[{"href":"https:\/\/panieresolidale.santodeimiracoli.org\/fr\/wp-json\/wp\/v2\/product"}],"about":[{"href":"https:\/\/panieresolidale.santodeimiracoli.org\/fr\/wp-json\/wp\/v2\/types\/product"}],"replies":[{"embeddable":true,"href":"https:\/\/panieresolidale.santodeimiracoli.org\/fr\/wp-json\/wp\/v2\/comments?post=972"}],"wp:featuredmedia":[{"embeddable":true,"href":"https:\/\/panieresolidale.santodeimiracoli.org\/fr\/wp-json\/wp\/v2\/media\/636"}],"wp:attachment":[{"href":"https:\/\/panieresolidale.santodeimiracoli.org\/fr\/wp-json\/wp\/v2\/media?parent=972"}],"wp:term":[{"taxonomy":"product_cat","embeddable":true,"href":"https:\/\/panieresolidale.santodeimiracoli.org\/fr\/wp-json\/wp\/v2\/product_cat?post=972"},{"taxonomy":"product_tag","embeddable":true,"href":"https:\/\/panieresolidale.santodeimiracoli.org\/fr\/wp-json\/wp\/v2\/product_tag?post=972"}],"curies":[{"name":"wp","href":"https:\/\/api.w.org\/{rel}","templated":true}]}}

Messes Ordinaire à l&rsquo;intention des défunts

<p>Faites célébrer une ou plusieurs Messes à la mémoire de vos proches décédés.</p>
